r + 137 = r. Suppose a - r = -6. What is the hundreds digit of a?
1
What is the units digit of (16/14)/((-4)/(-8764))?
4
Let a(v) = -v**2 - 1. Let u be (-4)/(-6)*21/(-14). Let m(f) = -54*f**2 + 2*f - 4. Let h(y) = u*m(y) + 6*a(y). What is the units digit of h(-1)?
8
Suppose 3*c - 381 + 1061 = -n, -n = 4*c + 908. Let g = c + 387. What is the hundreds digit of g?
1
Suppose -4*q = -3*q - 59. Suppose -q = -n - 25. What is the units digit of n?
4
Suppose 0*y = -s + 4*y + 22, 3*s - 1 = -y. Suppose 12 = c - 3*o, -5*c + o = s*o - 28. What is the units digit of (-63)/14*(-8)/c?
6
Let a(z) = z**3 - 2*z**2 + 21*z + 3681. What is the units digit of a(0)?
1
Let z = 365 + 310. What is the units digit of z?
5
Let l = 278 - 100. Suppose -101 - l = -3*c. Suppose 0 = -3*h + 3*t + c, 2*t - 31 = -h - 2*t. What is the units digit of h?
1
Let i = -18 - -91. Let l = -29 + i. Suppose 4*y = 32 + l. What is the tens digit of y?
1
Suppose 6*c = 4*c + 8, -5*r = -c - 9651. What is the hundreds digit of r?
9
Suppose 2*j - 934 = -2*o, -613 - 778 = -3*j - o. What is the units digit of j?
2
Suppose -72 + 134 = -2*x. Let z = x - -57. What is the units digit of z?
6
Let v = 1607 - 1040. What is the tens digit of v?
6
Let t = -20 + 20. Suppose 0 = -z - 2, -2*p - 2*p - 3*z + 30 = t. What is the units digit of p?
9
Let i(d) = d**3 - 8*d**2 + 18*d + 5. Let h be i(10). Suppose 23*m - 28*m + h = 0. What is the tens digit of m?
7
Let s(u) = 627*u**2 - 3*u + 1. What is the hundreds digit of s(-1)?
6
Suppose -5*o + 4*p - 103 = 0, 67 = -o - 2*o + 5*p. Let h = 14 - o. Suppose -4*m - h = -101. What is the units digit of m?
7
Let x(a) = -3*a**3 - a - 2. Let g be x(-1). Suppose -2*i + 12 = g*n, 2*i - 24 = -2*i + 3*n. What is the tens digit of ((-840)/(-63))/(4/i)?
2
Let m(s) = s**3 + 7*s**2 + 2*s - 7. Let v(y) = -3*y + 7. Let c(k) = 3*k - 7. Let i(w) = 3*c(w) + 4*v(w). Let z be i(4). What is the tens digit of m(z)?
3
Let r be (-2)/(-2) + (-16)/(-4). Let h(m) = 5*m + r*m - 18*m - 12*m - 2. What is the tens digit of h(-2)?
3
Let l be (-7 + 10)*3/(-3*1). What is the hundreds digit of 8/l*(956/(-16) + 5)?
1
Suppose 0 = -5*q - 3*k + 165, 0 = -2*q + 5*k - 2*k + 87. Let j = 40 - q. Let z = j + 53. What is the tens digit of z?
5
Let w = 6223 - 3292. What is the hundreds digit of w?
9
Let i(x) = -x**3 - 4*x**2 + 3*x - 6. Let h be i(-5). What is the units digit of ((-18)/(-24))/(1/h)?
3
Let k be (-120)/(-36)*(-3)/(-2). Suppose k*n + 0*n = 0. Suppose -2*s = -n*s - 40. What is the units digit of s?
0
Let w = 788 - 9. What is the hundreds digit of w?
7
Suppose 558 = 7*t - 4*t. Suppose 10 = -2*j + t. What is the units digit of j?
8
Let c = -159 - -140. What is the tens digit of c/(3*4/(-132))?
0
What is the hundreds digit of (-1315)/10*(0 - (13 + -7))?
7
Suppose 0 = 2*l - 4*c - 32, 5*l + 3*c - 4*c = 35. Let d be -3 - l*32/(-12). Let m = -9 + d. What is the units digit of m?
4
Let v = -25 - -30. Suppose 0 = 7*q - 2*q, 3*q = v*a - 5. What is the units digit of a?
1
Suppose -g - g = -14. Suppose -19 = -g*q + 2. Suppose -5 = q*b - 14. What is the units digit of b?
3
Let d = 3 - -2. Suppose -d = -2*m + 11. What is the tens digit of 242/m - (-1)/(-4)?
3
Let i = 105 - 70. Let g = -11 + i. What is the tens digit of g?
2
Let b = -497 - -918. What is the hundreds digit of b?
4
Suppose 3*a = 3*z + 1476, 5*z + 992 = 2*a + z. What is the tens digit of a?
8
Let b(w) = 49*w**2 - 3*w + 2. Let q be b(-2). Let m = q + -17. What is the units digit of m?
7
Let w(a) = -2*a**3 + a**2 + a + 1. Let f be w(-1). Suppose 0 = 2*j + 13 - f, t = 5*j + 8. What is the tens digit of 6*(-3)/6*t?
5
What is the tens digit of (-1906)/(-2) + (5 - -3)?
6
Let w be (1 + 0)/((3/2)/3). Let j(v) = v**3 - 4*v**2 + 3*v - 6. Let m(q) = -1. Let b(s) = -j(s) + 6*m(s). What is the units digit of b(w)?
2
Let r be 2/(9/3*(-2)/159). Let f = r + 82. What is the units digit of f?
9
Suppose 0 = 4*v - 5*u - 908, 2*u = -4*v - 2*u + 944. What is the tens digit of v?
3
Suppose j - 6*j - g + 22 = 0, 1 = 2*j + 3*g. Let p be (6/j)/((-18)/(-900)). Let y = -26 + p. What is the tens digit of y?
3
Let x(g) = 2*g**2 + 7*g - 10. What is the units digit of x(-11)?
5
Suppose 312*r = 293*r + 9804. What is the tens digit of r?
1
What is the hundreds digit of 1*(-40)/(-48)*402?
3
Let x(b) = -4*b + 3. Let l be x(-9). Suppose -1 = -5*c - q + l, -5*q + 8 = c. What is the units digit of c?
8
Let g(b) = b + 5. Let t(z) = -4*z**3 - 2*z**2 + 1. Let v be t(1). Let l be g(v). What is the tens digit of l + 2 - (5 + -56)?
5
Suppose 51660 = 56*b - 17724. What is the tens digit of b?
3
Let n = 3 - 7. What is the units digit of (-28917)/(-171) + n/38?
9
Let j = 8 - 11. Let m(w) = w**3 + 2*w**2 + 3*w + 1. Let s be m(j). Let y = s + 34. What is the units digit of y?
7
Let r(p) = -44*p - 19. What is the units digit of r(-8)?
3
What is the units digit of (15/(-9) + 1)/(10/(-195))?
3
Let u(p) = -5*p**3 - 5*p**2 + 2*p + 5. Let h(o) = o**3 + o - 1. Suppose 0 = 2*d - d - 4. Let q(y) = d*h(y) + u(y). What is the units digit of q(-6)?
1
Let l = 432 - -100. What is the units digit of l?
2
Let p be -1*(0 + -3 + 2). Let r be (0 - p)*(-12 - -9). Suppose -4*b + 132 = r*y + y, 5*b = -y + 37. What is the tens digit of y?
3
Let z be ((-1)/2)/(24/(-2544)). Let r = 196 - z. What is the hundreds digit of r?
1
Suppose 4*q - 684 = 4*z, -3*z = -2*q + 98 + 244. What is the units digit of q?
1
Let o(d) = 2*d - 6. Let j be o(4). Suppose 5*a + 2*f = 46, -4*f - 26 - j = -2*a. Suppose -g = g - a. What is the units digit of g?
5
Let v be (-5)/(-4 - 35/(-10)). Suppose 0 = -8*l + v*l - 8. Suppose -q = -u - 72, -l*u + 3*u - 214 = -3*q. What is the units digit of q?
1
Let k(t) = -10*t + 2. Let w(g) = 5*g - 1. Let c(s) = 2*k(s) + 5*w(s). What is the tens digit of c(5)?
2
Let m be -10*(-3)/(-6) + 0. Let w = m + 25. Suppose 0 = 2*u + 3*y - 24, 3*y = -2*u - 2*y + w. What is the tens digit of u?
1
Let f(h) = -h**3 + 2*h**2. Let c be f(2). Suppose j - 28 = -c*j - 2*q, 4 = -2*q. What is the units digit of j?
2
Let r = 9 + -5. Suppose -r*s + 259 = 3*s. What is the units digit of s?
7
Let c(t) = 592*t - 635. What is the units digit of c(6)?
7
Let d(i) = 25*i**2 - 14*i**2 + 8*i + 6*i**2 + 4. What is the tens digit of d(-2)?
5
Suppose 0*a = a - 5. Let r(v) = -2*v**2 - v**3 + a - 1 - 2 - v + 2*v. What is the units digit of r(-3)?
8
Let b be ((-2)/(-4))/(3/18). Let v be 117/6 + b/6. Suppose 3*f - v = 1. What is the units digit of f?
7
Suppose d - 17 = 2*u, -15 = -3*d - 0. Let f = -3 - u. Suppose 0 = f*s + 2*s - 40. What is the units digit of s?
8
Let h = -296 + 568. What is the tens digit of h?
7
Suppose 0*a + 4 = 2*a. Let k be 199 - (0 + a/(-1)). Suppose -5*y - i + 335 = 0, y - k = -2*y + i. What is the tens digit of y?
6
Let a(t) = -t**3 - 2*t**2 - 3*t - 3. Let f = -24 - -22. Let i be a(f). What is the units digit of i/1*(-68)/(-6)?
4
Let r be 5*134*(-1)/(-2). Suppose 2*b + 464 = 6*b + 2*l, 3*b - 5*l = r. What is the hundreds digit of b?
1
Let v = -89 + 62. Let w = v - -31. Suppose w*k = 4*n + 220, 3*k + 4*n + n = 157. What is the tens digit of k?
5
Let k(f) = -f**2 + 3*f + 12. Let m be k(5). What is the units digit of (m/(-2))/(8/(-432))?
4
Suppose -4*i = -4*d + 6184, -4*i - 3104 = -2*d - 5*i. What is the hundreds digit of d?
5
Let b = -557 + 120. What is the units digit of b/(-46) + (-1)/(-2)?
0
Let x be (-2)/(-5) - (24/(-15) - 4). Suppose -133 = -x*g + 281. What is the tens digit of g?
6
Let h be (3/3 - 1)/2. Suppose h = -a - 4*m + 13, -2*a + 8 = -0*a + 2*m. What is the tens digit of 10/a + (3 - 2)?
1
Let l(i) = -1099*i - 1639. What is the hundreds digit of l(-6)?
9
Let g(l) = -2*l**2 + 26*l - 4. Suppose -t + 17 = 10. What is the tens digit of g(t)?
8
What is the tens digit of (-16)/12 + 1535/15?
0
Let u be (-708)/18 + (-2)/(-6). Let m = -88 - u. Let s = 80 + m. What is the tens digit of s?
3
Suppose 0 = -3*v - 9*d + 4*d + 40, v - d = 0. Let t(m) = 35*m - 3. Let w(q) = 18*q - 1. Let g(o) = 4*t(o) - 7*w(o). What is the units digit of g(v)?
5
Suppose i = 4*y + 275, 3*y - 765 = -6*i + 3*i. What is the units digit of i?
9
Suppose -4*t - 1143 = -3*c, 4*c - 3*t + 5*t = 1502. What is the units digit of c?
7
Let g = 116 - -43. Suppose -g = 5*b - 429. What is the units digit of b?
4
Let z(y) = -3*y - 11. Let x be z(-7). Let p be (-5 - x/